{"id":6478,"date":"2018-12-11T11:59:48","date_gmt":"2018-12-11T10:59:48","guid":{"rendered":"http:\/\/www.studiogardini.it\/?page_id=6478"},"modified":"2019-06-21T22:10:02","modified_gmt":"2019-06-21T20:10:02","slug":"bozza-privacy","status":"publish","type":"page","link":"http:\/\/www.studiogardini.it\/?page_id=6478","title":{"rendered":"Privacy"},"content":{"rendered":"<section  id=\"section-602513f\" class=\"fw-main-row section  section_padding_top_50 section_padding_bottom_50 columns_padding_0 horizontal-paddings-0\" >\r\n    <h3 class=\"hidden\"> privacy<\/h3>\r\n    <div class=\"section-overlay\"><\/div>\r\n\t    <div class=\"container\">\r\n        <div class=\"row\">\r\n\t\t\t<div  id=\"column-04f0c05\" class=\"col-xs-12 fw-column\" >\r\n    <div class=\"column-overlay\"><\/div>\r\n        <div class=\"column-inner \">\r\n           <div class=\"text-block shortcode \">\r\n\t<p>Lo Studio Gardini \u00e8 uno studio di professionisti di diritto italiano con sede in Viale della Repubblica 29, 40127, Bologna, Italia (nel seguito, Studio Gardini), in ottemperanza agli obblighi derivanti dal Regolamento (UE) 2016\/679 del Parlamento Europeo e del Consiglio del 27 aprile 2016 (Regolamento generale sulla protezione dei dati, nel seguito GDPR) e della normativa italiana sulla protezione dei dati, rispetta e tutela la riservatezza degli utenti del sito di cui al dominio studiogardini.it, ponendo in essere ogni sforzo possibile e proporzionato per non ledere i diritti degli stessi.<br \/>Lo scopo della presente informativa sulla privacy \u00e8 quello di aiutare gli utenti a comprendere le procedure che lo Studio Gardini utilizza in materia di privacy, inclusi quali dati personali vengono raccolti, il perch\u00e9 della raccolta degli stessi, come gli stessi vengono utilizzati, come tali dati vengono protetti e quali sono i diritti individuali degli utenti.<br \/>La presente informativa sulla privacy non si applica ed esclude la nostra responsabilit\u00e0 in merito alla privacy, alle informazioni o ad altre pratiche di terze parti, incluse terze parti che gestiscono siti Web o servizi a cui il sito studiogardini.it rimanda.<br \/>La presente informativa sulla privacy si applica a tutti i dati personali che lo Studio Gardini acquisisce o elabora quando gli utenti interagiscono con il sito studiogardini.it, ad esempio contattando il servizio clienti di Studio Gardini. Tali interazioni possono riguardare visitatori, clienti, fornitori e\/o partner.<br \/>Lo Studio Gardini tratta i dati personali anche in ambiti diversi dal sito studiogardini.it, che richiederanno una diversa informativa sulla privacy.<\/p><p>&nbsp;<\/p><h4><strong>1. INFORMAZIONI GENERALI SUL TRATTAMENTO DEI DATI<\/strong><\/h4><p>&nbsp;<\/p><p>Nella presente informativa sulla privacy, con il termine \u201cdati personali\u201d si intendono le informazioni che si riferiscono agli utenti e che ci consentono di identificarli, direttamente o in combinazione con altre informazioni in nostro possesso.<\/p><h5><strong>1.1. Utenti del sito in genere<\/strong><\/h5><p>Lo Studio Gardini tratta i dati degli utenti in base al consenso. Con l\u2019uso o la consultazione del nostro sito gli utenti approvano esplicitamente la presente informativa privacy e acconsentono al trattamento dei loro dati personali in relazione alle finalit\u00e0 e alle modalit\u00e0 di seguito descritte, compresa l\u2019eventuale diffusione a terzi se necessaria per l\u2019erogazione di un servizio. Il conferimento dei dati e quindi il consenso alla raccolta e al trattamento dei dati sono facoltativi, l\u2019utente pu\u00f2 negare il consenso, e pu\u00f2 revocare in qualsiasi momento un consenso gi\u00e0 fornito. Tuttavia, negare il consenso pu\u00f2 comportare l\u2019impossibilit\u00e0 di erogare alcuni servizi e l\u2019esperienza di navigazione nel sito potrebbe essere compromessa.<\/p><h5><strong>1.2. Clienti<\/strong><\/h5><p>Lo Studio Gardini far\u00e0 quanto possibile, compatibilmente con la forma elettronica dei servizi, per mantenere la pi\u00f9 assoluta riservatezza nello svolgimento dei servizi. Tutti i testi, la natura del lavoro svolto, i dati personali relativi al cliente comunicati ai fini delle nostre attivit\u00e0 di consulenza e qualsiasi informazione trasmessa dal cliente allo Studio Gardini saranno oggetto della massima riservatezza e i dati personali raccolti saranno trattati in conformit\u00e0 con l\u2019articolo 6 del GDPR.<br \/>In particolare, lo Studio Gardini utilizzer\u00e0 le informazioni fornite ai fini dell\u2019esecuzione del contratto (e per l\u2019eventuale attuazione di misure precontrattuali) e non potr\u00e0, senza il previo consenso scritto del cliente, divulgare pubblicamente o a terzi tali informazioni, fatta eccezione per i suoi collaboratori autorizzati o i suoi subfornitori autorizzati, qualora il loro intervento operativo o consultivo renda necessaria la conoscenza di tali informazioni. Le garanzie di cui sopra non si applicano nel caso in cui lo Studio Gardini sia obbligato per legge a comunicare tali informazioni, o nel caso in cui tali informazioni siano o divengano di pubblico dominio indipendentemente dalla divulgazione delle stesse da parte dello Studio Gardini oppure ancora per il caso in cui interessi vitali della persona interessata o di un'altra persona fisica rendano necessario il trattamento di dati personali, o qualora il trattamento sia necessario per la tutela di un legittimo interesse dello Studio Gardini o di terzi, che risulti di natura superiore ai diritti dell\u2019interessato.<\/p><h5><strong>1.3. Fornitori e collaboratori<\/strong><\/h5><p>I dati personali dei nostri fornitori e collaboratori verranno trattati con la massima riservatezza. Altre informazioni come nome, cognome, data di nascita, indirizzi e telefoni, saranno trattati solo dallo Studio Gardini e dai suoi fornitori autorizzati, esclusivamente ai fini della corretta esecuzione del rapporto di lavoro con gli stessi e l\u2019adempimento degli eventuali obblighi di legge.<\/p><h5><strong>1.4. Nomi e marchi registrati<\/strong><\/h5><p>Tutti i nomi ed i marchi registrati citati tra i contenuti del sito appartengono ai legittimi proprietari.<\/p><p>&nbsp;<\/p><h4><strong>2. INFORMAZIONI RACCOLTE AUTOMATICAMENTE. DATI DI NAVIGAZIONE<\/strong><\/h4><p>&nbsp;<\/p><p>Come tutti i siti web anche il presente sito fa uso di file di log nei quali vengono conservate informazioni raccolte in maniera automatizzata durante le visite degli utenti. Le informazioni raccolte potrebbero essere le seguenti:<br \/>1. indirizzo internet protocol (IP);<br \/>2. tipo di browser e parametri del dispositivo usato per connettersi al sito;<br \/>3. nome dell\u2019internet service provider (ISP);<br \/>4. data e orario di visita\/richiesta;<br \/>5. eventualmente il numero di click;<br \/>6. il metodo utilizzato per sottoporre la richiesta al server;<br \/>7. la dimensione del file ottenuto in risposta;<br \/>8. il codice digitale indicante lo stato della risposta data dal server;<br \/>9. ed altri parametri relativi al sistema operativo e all\u2019ambiente informatico dell\u2019utente.<br \/>Le informazioni di cui sopra sono trattate in forma automatizzata e raccolte in forma esclusivamente aggregata al fine di verificare il corretto funzionamento del sito, e per motivi di sicurezza. A fini di sicurezza (filtri antispam, firewall, rilevazione virus), i dati registrati automaticamente possono eventualmente comprendere anche dati personali come l\u2019indirizzo IP (quello che identifica univocamente, almeno in quel dato momento, l\u2019host di provenienza), che potrebbe essere utilizzato, conformemente alle leggi vigenti in materia, al fine di bloccare tentativi di danneggiamento al sito medesimo o di recare danno ad altri utenti, o comunque attivit\u00e0 dannose o costituenti reato. Tali dati sono usati per la tutela del sito e dei suoi utenti.<br \/>I dati indicati sono utilizzati al solo fine di ricavare informazioni statistiche anonime sull'uso del sito web e per controllarne il corretto funzionamento e, pertanto, sono cancellati immediatamente dopo l\u2019elaborazione. I dati utilizzati a fini di sicurezza (blocco di tentativi di danneggiamento del sito) sono conservati per sette giorni.<\/p><h5><strong>2.1. Difesa in giudizio<\/strong><\/h5><p>I dati personali dell'utente possono essere utilizzati per la difesa da parte del titolare in giudizio o nelle fasi propedeutiche alla sua eventuale instaurazione, da abusi nell'utilizzo della stessa o dei servizi connessi da parte dell'Utente. I dati potrebbero essere utilizzati per l'accertamento di responsabilit\u00e0 in caso di ipotetici reati informatici ai danni del sito.<br \/>LA PRESENTE INFORMATIVA NON \u00c8 DA CONSIDERARSI VALIDA PER ALTRI SITI WEB EVENTUALMENTE CONSULTABILI TRAMITE LINKS PRESENTI SUL SITO INTERNET A DOMINIO DEL TITOLARE, CHE NON \u00c8 IN ALCUN MODO RESPONSABILE DEI SITI DEI TERZI<\/p><p>&nbsp;<\/p><h4><strong>3. UTILIZZO DI COOKIE<\/strong><\/h4><h5><strong>3.1. Che cosa sono i cookie<\/strong><\/h5><p>Un cookie \u00e8 un file di testo di dimensioni ridotte inviato al browser dal sito web visitato e successivamente memorizzato sul disco fisso del computer dell'utente. Quando ci si collega nuovamente al sito web, i cookie sono riletti e riconosciuti dal sito web che li ha inviati. Mentre si visita un sito web, \u00e8 possibile ricevere cookie da un sito web di terze parti (il cosiddetto \u201ccookie di terzi\"), per esempio collegamenti a pagine web di altri nomi di dominio.<br \/>I cookie possono essere utilizzati per scopi diversi: per consentire a un sito web di riconoscere il dispositivo dell'utente, monitorare sessioni e memorizzare informazioni specifiche sugli utenti che accedono al server.<\/p><h5><strong>3.2. Tipologie di cookie<\/strong><\/h5><p>Cookie tecnici: sono necessari affinch\u00e9 il sito web funzioni correttamente e per consentire all'utente di usarne il servizio.<br \/>Cookie funzionali: sono utilizzati per facilitare la navigazione nel sito web, per memorizzare le impostazioni selezionate e per fornire funzionalit\u00e0 personalizzate.<br \/>Cookie analitici: il sito web utilizza questo tipo di cookie per raccogliere informazioni sulle abitudini di utilizzo, le pagine visitate ed eventuali errori che potrebbero verificarsi durante la navigazione. Questi cookie non raccolgono informazioni che potrebbero identificare il computer dell'utente. Tutte le informazioni raccolte da questi cookie sono aggregate e pertanto anonime.<br \/>Utilizzando il sito il visitatore acconsente espressamente all\u2019uso dei cookie.<\/p><h5><strong>3.3. Disabilitazione cookie<\/strong><\/h5><p>I cookie sono collegati al browser utilizzato e possono essere disabilitati in qualsiasi momento direttamente dal browser, cos\u00ec rifiutando\/revocando il consenso all\u2019uso dei cookies. Occorre tener presente che la disabilitazione dei cookie potrebbe impedire il corretto utilizzo di alcune funzionalit\u00e0 del sito stesso.<\/p><p>Ogni browser ha una procedura diversa per la gestione delle impostazioni. Di seguito sono riportate le istruzioni specifiche per ogni browser:<br \/>1.<a href=\"https:\/\/support.microsoft.com\/en-us\/help\/17442\/windows-internet-explorer-delete-manage-cookies#ie=ie-11\"> Come gestire i cookie in Internet Explorer<\/a><br \/>2. <a href=\"https:\/\/support.microsoft.com\/it-it\/help\/4027947\/windows-delete-cookies\">Come eliminare i cookie in Internet Explorer<\/a><br \/>3. <a href=\"https:\/\/support.mozilla.org\/it\/kb\/Attivare%20e%20disattivare%20i%20cookie\">Come gestire i cookie in Firefox<\/a><br \/>4. <a href=\"https:\/\/support.mozilla.org\/en-US\/kb\/clear-cookies-and-site-data-firefox?redirectlocale=en-US&amp;redirectslug=delete-cookies-remove-info-websites-stored\">Come eliminare i cookie in Firefox<\/a><br \/>5. <a href=\"https:\/\/support.google.com\/chrome\/answer\/95647?hl=en\">Come gestire i cookie in Chrome<\/a><br \/>6. <a href=\"https:\/\/support.apple.com\/kb\/PH17191?locale=en_US\">Come gestire i cookie in Safari Web e iOS<\/a><br \/>7. <a href=\"https:\/\/privacy.microsoft.com\/it-it\/windows-10-microsoft-edge-and-privacy\">Come gestire i cookie e la privacy in Microsoft Edge<\/a><\/p><h5><strong>3.4. Cookie di terze parti<\/strong><\/h5><p>Il presente sito funge anche da intermediario per cookie di terze parti, utilizzati per poter fornire ulteriori servizi e funzionalit\u00e0 agli utenti e per migliorare l'uso del sito stesso, come i pulsanti per i social, oppure video. Questo sito non ha alcun controllo sui cookie delle terze parti, interamente gestiti dalle terze parti. In conseguenza di ci\u00f2 le informazioni sull'uso dei detti cookie e sulle finalit\u00e0 degli stessi, nonch\u00e9 sulle modalit\u00e0 per l'eventuale disabilitazione, sono fornite direttamente dalle terze parti alle pagine indicate di seguito.<\/p><h5><strong>3.5. Social Network<\/strong><\/h5><p>Il presente sito incorpora anche plugin e\/o bottoni per i social network, al fine di consentire una facile condivisione dei contenuti sui social network preferiti. Tali plugin sono programmati in modo da non impostare alcun cookie all'accesso della pagina, per salvaguardare la privacy degli utenti. Eventualmente i cookie vengono impostati, se cos\u00ec previsto dai social network, solo quando l'utente fa effettivo e volontario uso del plugin. Si tenga presente che se l'utente naviga essendo loggato nel social network allora ha gi\u00e0 acconsentito all'uso dei cookie veicolati tramite questo sito al momento dell'iscrizione al social network.<br \/>La raccolta e l'uso delle informazioni ottenute a mezzo del plugin sono regolati dalle rispettive informative privacy dei social network, alle quali si prega di fare riferimento.<br \/><a href=\"https:\/\/legal.linkedin.com\/plugin-terms-of-use?trk=aff_src.aff-lilpar_c.partners_pkw.123201_net.mediapartner_plc.adgoal%20GmbH_pcrid.449670_learning&amp;veh=aff_src.aff-lilpar_c.partners_pkw.123201_net.mediapartner_plc.adgoal%20GmbH_pcrid.449670_learning&amp;irgwc=1\">Linkedin<\/a><\/p><h5><strong>3.6. E-mail<\/strong><\/h5><p>L\u2019utente pu\u00f2 ricevere e-mail dallo Studio Gardini a vario titolo, come ad esempio per ricevere informazioni sui servizi offerti.<\/p><h5><strong>3.7. Luogo del trattamento<\/strong><\/h5><p>I dati raccolti dal sito sono trattati presso la sede del Titolare del trattamento e presso il datacenter del web hosting. Il web hosting Microsoft Azure, che \u00e8 responsabile del trattamento dei dati, elaborando dati per conto del Titolare, si trova nello Spazio Economico Europeo e agisce in conformit\u00e0 con le norme europee.<\/p><h5><strong>3.8. Trasferimento di dati in paesi extra UE<\/strong><\/h5><p>Il presente sito potrebbe condividere alcuni dei dati raccolti con servizi localizzati al di fuori dell'area dell'Unione Europea. In particolare, con Google e Microsoft (LinkedIn) tramite i social plugin e il servizio di Google Analytics. Il trasferimento \u00e8 autorizzato in base a specifiche decisioni dell'Unione Europea e del Garante per la tutela dei dati personali, in particolare la decisione 1250\/2016 (Privacy Shield), per cui non occorre ulteriore consenso. Le aziende sopra menzionate garantiscono la propria adesione al Privacy Shield.<\/p><h5><strong>3.9. Misure di sicurezza<\/strong><\/h5><p>Il presente sito tratta i dati degli utenti in maniera lecita e corretta, adottando le opportune misure di sicurezza volte ad impedire accessi non autorizzati, divulgazione, modifica o distruzione non autorizzata di dati. Il trattamento viene effettuato mediante strumenti informatici e\/o telematici, utilizzando misure adeguate a livello organizzativo, tecnico e amministrativo al fine di tutelare i dati personali all\u2019interno della nostra azienda, e con logiche strettamente correlate alle finalit\u00e0 indicate. Tuttavia, nessuna trasmissione di dati e nessun sistema di archiviazione possono essere garantiti come sicuri al 100%. Gli utenti che hanno motivo di ritenere che l'interazione con noi non sia pi\u00f9 sicura, sono pregati di segnalarci immediatamente il problema.<br \/>Oltre al Titolare, in alcuni casi, potrebbero avere accesso ai dati categorie di incaricati coinvolti nell\u2019organizzazione del sito (amministratori di sistema, sviluppatori) ovvero soggetti esterni (hosting provider).<br \/>I dati personali degli utenti saranno conservati per il tempo necessario o consentito alla luce delle finalit\u00e0 per cui vengono raccolti. I criteri adottati per determinare i tempi di conservazione sono i seguenti: (i) il periodo di tempo in cui gli utenti utilizzano in modo regolare il sito studiogardini.it; (ii) la necessit\u00e0 di adempiere al contratto o ad un obbligo di legge a cui siamo soggetti; (iii) l'opportunit\u00e0 di conservare i dati alla luce della nostra posizione giuridica (ad esempio, con riferimento a termini di prescrizione, controversie o verifiche di conformit\u00e0 normativa).<\/p><h5><strong>3.10. I diritti dell'utente<\/strong><\/h5><p>Ai sensi del GDPR e della normativa nazionale, l\u2019utente pu\u00f2, secondo le modalit\u00e0 e nei limiti previsti dalla vigente normativa, esercitare i seguenti diritti in relazione ai propri dati personali:<br \/>1. richiedere la conferma dell'esistenza di dati personali che lo riguardano (diritto di accesso);<br \/>2. conoscerne l'origine;<br \/>3. riceverne comunicazione intelligibile;<br \/>4. avere informazioni circa la logica, le modalit\u00e0 e le finalit\u00e0 del trattamento;<br \/>5. richiederne l'aggiornamento, la rettifica, l'integrazione, la cancellazione, la trasformazione in forma anonima, il blocco dei dati trattati in violazione di legge, ivi compresi quelli non pi\u00f9 necessari al perseguimento degli scopi per i quali sono stati raccolti;<br \/>6. nei casi di trattamento basato su consenso, ricevere al solo costo dell\u2019eventuale supporto, i suoi dati forniti al Titolare, in forma strutturata e leggibile da un elaboratore di dati e in un formato comunemente usato da un dispositivo elettronico;<br \/>7. il diritto di presentare un reclamo all\u2019Autorit\u00e0 di controllo;<br \/>8. nonch\u00e9, pi\u00f9 in generale, esercitare tutti i diritti che gli sono riconosciuti dalle vigenti disposizioni di legge.<br \/>Le richieste vanno rivolte al Titolare del trattamento. In particolare, l\u2019utente pu\u00f2 esercitare i propri diritti in relazione al trattamento dei propri dati personali inviando una e-mail a: segreteria@studiogardini.it per modificare i suoi dati o cancellando i dati immessi nel form di richiesta informazioni. Risponderemo alla richiesta conformemente a quanto previsto dalle leggi vigenti. Si invitano gli utenti a indicare nella loro richiesta quali dati personali desiderano che vengano modificati, a comunicarci se preferiscono che tali dati vengano eliminati dal nostro database o a specificare quali limitazioni desiderano porre all'utilizzo da parte nostra dei loro dati personali. \u00c8 importante tener presente che potremmo avere la necessit\u00e0 di conservare alcune informazioni per finalit\u00e0 di registrazione e\/o per completare le transazioni avviate dagli utenti prima della richiesta di una modifica o di una cancellazione.<\/p><h5><strong>3.11. Informazioni speciali per i genitori<\/strong><\/h5><p>Il sito studiogardini.it non \u00e8 destinato ai bambini, come previsto dalle leggi vigenti, e non raccogliamo consapevolmente dati personali di minori. Lo Studio Gardini si impegna comunque a ottemperare alle disposizioni di legge laddove queste richiedano l'autorizzazione di un genitore o tutore per raccogliere, utilizzare o divulgare i dati personali dei minori. Siamo impegnati a tutelare la privacy dei minori e invitiamo i genitori e i tutori a svolgere un ruolo attivo nei confronti delle attivit\u00e0 e degli interessi in rete dei propri figli.<br \/>Qualora un genitore o un tutore vengano a conoscenza che un figlio minore ci ha fornito i propri dati personali senza il suo consenso, lo invitiamo a contattare il titolare del trattamento all\u2019indirizzo sotto indicato. Qualora venissimo a conoscenza che un minore ci ha fornito i propri dati personali, provvederemo a eliminarli dai nostri archivi.<\/p><h5><strong>3.12. Titolare del trattamento<\/strong><\/h5><p>Titolare del trattamento ai sensi del GDPR e delle altre leggi italiane sulla protezione dei dati, nonch\u00e9 delle altre disposizioni in materia di protezione dei dati \u00e8 Andrea Gardini, Viale della Repubblica 29, 40127, Bologna, Italia, contattabile al seguente indirizzo e-mail: segreteria@studiogardini.it<br \/>Responsabile del trattamento \u00e8 il web hosting Microsoft Azure.<\/p><h5><strong>3.13. Aggiornamenti<\/strong><\/h5><p>La presente privacy policy \u00e8 aggiornata al 14 gennaio 2019.<\/p><\/div>\r\n        <\/div>\r\n<\/div>\r\n        <\/div>\r\n    <\/div>\r\n<\/section>\n","protected":false},"excerpt":{"rendered":"<p>privacy Lo Studio Gardini \u00e8 uno studio di professionisti di diritto italiano con sede in Viale della Repubblica 29, 40127, Bologna, Italia (nel seguito, Studio Gardini), in ottemperanza agli obblighi derivanti dal Regolamento (UE) 2016\/679 del Parlamento Europeo e del<\/p>\n","protected":false},"author":1,"featured_media":0,"parent":0,"menu_order":0,"comment_status":"closed","ping_status":"closed","template":"page-templates\/full-width.php","meta":[],"_links":{"self":[{"href":"http:\/\/www.studiogardini.it\/index.php?rest_route=\/wp\/v2\/pages\/6478"}],"collection":[{"href":"http:\/\/www.studiogardini.it\/index.php?rest_route=\/wp\/v2\/pages"}],"about":[{"href":"http:\/\/www.studiogardini.it\/index.php?rest_route=\/wp\/v2\/types\/page"}],"author":[{"embeddable":true,"href":"http:\/\/www.studiogardini.it\/index.php?rest_route=\/wp\/v2\/users\/1"}],"replies":[{"embeddable":true,"href":"http:\/\/www.studiogardini.it\/index.php?rest_route=%2Fwp%2Fv2%2Fcomments&post=6478"}],"version-history":[{"count":30,"href":"http:\/\/www.studiogardini.it\/index.php?rest_route=\/wp\/v2\/pages\/6478\/revisions"}],"predecessor-version":[{"id":7358,"href":"http:\/\/www.studiogardini.it\/index.php?rest_route=\/wp\/v2\/pages\/6478\/revisions\/7358"}],"wp:attachment":[{"href":"http:\/\/www.studiogardini.it\/index.php?rest_route=%2Fwp%2Fv2%2Fmedia&parent=6478"}],"curies":[{"name":"wp","href":"https:\/\/api.w.org\/{rel}","templated":true}]}}